or of 33 and g?
11
Let d(l) = -l**3 - 11*l**2 - 9*l + 13. Let z be d(-10). Suppose -z*k + 1141 = 4*g, 5*g - 3*k + 0*k = 1433. Calculate the highest common factor of g and 26.
26
Let a be -5 + (-123)/(-27) + (-38630)/(-45). What is the highest common divisor of 33 and a?
33
Let n = -23 - -197. Calculate the highest common divisor of n and 12.
6
Let f = -5 - -20. Suppose 15 = 2*o - f. Let b(u) = -u**2 + 7*u - 5. Let v be b(5). Calculate the greatest common divisor of o and v.
5
Let q be (450/(-3))/((-15)/10). What is the greatest common divisor of q and 225?
25
Let d(k) = 15*k - 23. Let s(w) = 11*w + 6. Let f be s(1). Let z be d(f). Calculate the greatest common divisor of z and 29.
29
Suppose 154*l = 156*l - 16. Let u(c) = -c**2 + 9*c - 6. Let r be 33/5 - 12/20. Let m be u(r). What is the greatest common divisor of l and m?
4
Let d = 13 - -17. Suppose -5 = a, -4*b + 2*b - 5*a = 5. What is the greatest common factor of d and b?
10
Let f = 326 + -32. Let a = 606 - f. Calculate the highest common divisor of a and 39.
39
Let c = -8 + 13. Suppose -l - 5*b = -0*l + 232, -c*l = 5*b + 1240. Let y = -117 - l. Calculate the greatest common divisor of y and 15.
15
Let x be (-16)/3*(-4)/((-16)/6). Let a(o) = o + 35. Let m be a(x). What is the highest common divisor of 18 and m?
9
Let s(l) be the first derivative of l**2 + 19*l + 13. Let i be s(-8). Suppose -p + 3 = -0*p. What is the greatest common factor of p and i?
3
Let y(v) = -v - 7. Let f be y(-8). Let n be 18 - (f - 2) - 2. What is the greatest common factor of n and 17?
17
Let h(b) = -2*b - 24. Let k be h(-11). Suppose 9 = 4*c + 5*j, 0 = -4*c + 2*j - j + 27. Let a = c + k. Calculate the greatest common factor of a and 1.
1
Let o(y) = -y**3 + y**2 + y + 5. Let i be o(0). Let m be (38/6)/((-8)/(-24)). Suppose 5*j = 106 + m. What is the highest common divisor of j and i?
5
Let f(b) = -16*b - 1184. Let o be f(-77). What is the highest common factor of 948 and o?
12
Let n = -1025 - -1571. What is the greatest common factor of n and 56?
14
Let o = -80 - -132. Calculate the highest common factor of o and 6.
2
Let j(f) = -f**3 + 4*f**2 + f + 6. Let q be j(3). What is the highest common divisor of q and 15?
3
Suppose -10*t = -f - 14*t + 88, 3*f - 208 = 2*t. Calculate the greatest common factor of f and 63.
9
Suppose 1992 = -11*s + 35*s. Calculate the greatest common factor of s and 83.
83
Suppose 30 = -7*h + 93. Suppose 0 = 4*i - 8 - 28. Calculate the greatest common factor of i and h.
9
Let h = -225 + 318. Let m = h + -84. Calculate the highest common factor of 99 and m.
9
Let i(d) = -58*d**2 + 4*d + 3. Let n be i(-1). Let j = -41 - n. Calculate the highest common factor of j and 24.
6
Let v(h) = h**3 + 13*h**2 + 9*h + 1. Let s be v(-11). Suppose s - 656 = -4*u. Suppose -2*p + u = 6*p. Calculate the highest common divisor of 2 and p.
2
Suppose 7*s - 3*s = -16. Let k be 14 - (4 + -1) - s. Suppose -q + 5 = -0*q. Calculate the greatest common factor of q and k.
5
Suppose 4*z - 13*z - 1899 = 0. Let l = z + 299. What is the highest common factor of 22 and l?
22
Let i = -1389 - -3621. Calculate the highest common factor of i and 72.
72
Let d = -444 + 452. Suppose -2*y + 220 = -4*j, -4*y = -7*j + 4*j - 425. What is the highest common divisor of y and d?
8
Let j = 130 + -120. Let l be (-2 + -5 - 3)*-4. Calculate the greatest common factor of l and j.
10
Let z = 50 - 24. Let v be (1 - -1) + (-120)/2. Let h = v - -123. Calculate the highest common divisor of z and h.
13
Let t(q) = -q**3 + 29*q**2 - 195*q + 18. Let m be t(17). What is the greatest common divisor of m and 99?
9
Let g be (2/4)/((-1595)/400 + 4). Suppose -2*j = -j - 8. What is the highest common factor of g and j?
8
Let s(z) = -z + 29. Suppose 35 = -19*g + 14*g. Let f be s(g). What is the highest common divisor of 9 and f?
9
Suppose -112*w = -110*w - 252. What is the greatest common factor of 105 and w?
21
Let q be (-62 + 104)*1/6*1. Calculate the greatest common divisor of 735 and q.
7
Let j = 3802 - 2174. Calculate the highest common divisor of j and 44.
44
Suppose 5*i - 5*j - 200 = 0, 5*j = -4*i + 3*j + 136. Calculate the highest common factor of 348 and i.
12
Let i = -563 - -573. Calculate the highest common divisor of 410 and i.
10
Suppose 20*n = 771 + 249. Calculate the greatest common divisor of n and 255.
51
Let n be (20/35)/(24/12012). Calculate the greatest common factor of n and 26.
26
Let k(q) = -q**2 + 17*q - 14. Let z be k(9). Suppose -z - 26 = -2*x. What is the highest common divisor of 420 and x?
42
Let f = -6 + 278. Suppose 2*i + 505 - 573 = 0. Calculate the greatest common divisor of i and f.
34
Suppose -18*d - 87 = -339. Let g be 1/((4/(-2))/(-2)). Let m(r) = 57*r**3 - 1. Let k be m(g). What is the greatest common factor of k and d?
14
Let r(y) = -87*y - 167. Let o be r(-5). Calculate the highest common divisor of o and 4.
4
Let u = 985 + 68. Calculate the greatest common divisor of 81 and u.
81
Suppose 7*s - 3*s = 648. Let k = -99 + s. What is the greatest common divisor of k and 21?
21
Let t be 8/28 + 2619/21. Suppose -f = -3*y - 7 + 1, -5*f - 4*y + t = 0. Calculate the greatest common divisor of f and 42.
21
Let u = 27 - 162. Let x be (16/(-42) - (-2)/(-7))*u. What is the highest common divisor of x and 36?
18
Let v(t) = t**3 - 15*t**2 - 26*t - 19. Let w be v(19). Calculate the greatest common factor of 49 and w.
49
Suppose -4*f - i + 2765 = 0, -1831 = 4*f + 2*i - 4601. What is the greatest common factor of 15 and f?
15
Suppose m - 10 = -2*h + 13, 4*m + 64 = 4*h. Let i be 9 + -5 - (0 - -6). Let x be ((-5)/i)/(-1)*(-702)/45. Calculate the greatest common factor of h and x.
13
Let w = -215 + 239. What is the greatest common divisor of 132 and w?
12
Suppose 2*a + 38 + 32 = 0. Let q be (-5)/a - (-78)/(-7). Let p(k) = -6*k - 6. Let y be p(q). Calculate the highest common divisor of y and 12.
12
Let o = 68 - 65. Let u = 8 - 5. Calculate the highest common divisor of u and o.
3
Let f be (-36)/(-10) - (-16)/40. Suppose f*y = -3*c + 64, -c + 0*c = 2*y - 34. Calculate the highest common factor of y and 171.
19
Let d be (10 - 12/4)*(-3 + -2 + 6). Let a be (21/2)/((-3)/(-8)). Let w = 84 - a. Calculate the highest common divisor of d and w.
7
Suppose -184 = 4*q + 4*h, 0 = 2*q + 5*h + 29 + 78. Suppose -7 = -v + 2*v. Let p be v/2*(-13 + q). Calculate the greatest common factor of p and 21.
21
Let n(g) = -5*g + 15. Let a be n(-11). Let x = a + -33. Suppose -z + 2*t = -2, t = -2*z - 13 + x. What is the highest common factor of z and 40?
10
Suppose 15*l + 4*b - 348 = 10*l, -l - 5*b + 57 = 0. Calculate the greatest common divisor of 168 and l.
24
Let z = -1366 - -2159. Calculate the highest common factor of z and 13.
13
Let t = 20 + -24. Let b be (t + -2)*14/21. Let s = b + 12. What is the highest common divisor of 64 and s?
8
Let k(l) = 6*l + 4 + 1 - l + 1. Suppose -3*o - 2 - 10 = -4*q, -28 = -2*q - 4*o. Let r be k(q). Calculate the highest common divisor of 180 and r.
36
Let l be 522/4*8/60*5. Calculate the highest common factor of l and 3.
3
Let l be (16 - 0)*5/1. Let x(k) = -k + 8. Let z be x(8). Suppose 2*b = -s + 10, -b + z*b + 30 = 3*s. Calculate the greatest common divisor of s and l.
10
Suppose -5*t + 1447 = 11*p - 8*p, -4*p + 877 = 3*t. Calculate the greatest common divisor of t and 328.
41
Suppose -36 = 419*u - 422*u. Let j = -19 + 25. Calculate the greatest common divisor of u and j.
6
Let z = -98 - -614. Calculate the highest common factor of 8 and z.
4
Let o(k) = 62*k**3 + 4*k**2 - 3*k - 1. Let t be o(1). Suppose 15 = 65*z - t*z. Calculate the greatest common factor of z and 5.
5
Suppose -201 + 273 = 3*r. Calculate the highest common factor of r and 24.
24
Let r = 7 - -2. Let b(a) = -a**3 + 12*a**2 + 3*a + 9. Let j be b(12). Calculate the greatest common factor of j and r.
9
Let b = -26 + 66. Let p = -3 + 13. Calculate the highest common factor of b and p.
10
Let x be (10/(-6))/5*-36. Calculate the highest common divisor of 60 and x.
12
Suppose 2*w + 18 = 4*w. Let t(g) = 2*g**2 - 12*g - 38. Let b be t(-5). What is the greatest common divisor of b and w?
9
Let v(a) = 2*a + 50. Let f be v(-22). Let s be (f/4)/(32/256). What is the highest common divisor of 204 and s?
12
Let y(h) = 6*h**3 + 2*h**2 - 2. Let c be y(-2). Let r = 56 + c. C